ime factors of 22045?
5, 4409
List the prime factors of 53.
53
List the prime factors of 2036.
2, 509
List the prime factors of 35080.
2, 5, 877
What are the prime factors of 2222?
2, 11, 101
List the prime factors of 3539.
3539
What are the prime factors of 42815?
5, 8563
List the prime factors of 13257.
3, 491
List the prime factors of 20420.
2, 5, 1021
What are the prime factors of 1505?
5, 7, 43
What are the prime factors of 46865?
5, 7, 13, 103
List the prime factors of 13602.
2, 3, 2267
List the prime factors of 11.
11
List the prime factors of 12109.
12109
List the prime factors of 2096.
2, 131
What are the prime factors of 107750?
2, 5, 431
List the prime factors of 2119.
13, 163
List the prime factors of 13351.
13, 79
List the prime factors of 108809.
53, 2053
List the prime factors of 56728.
2, 7, 1013
What are the prime factors of 529?
23
List the prime factors of 40384.
2, 631
List the prime factors of 2841.
3, 947
List the prime factors of 5069.
37, 137
List the prime factors of 662.
2, 331
What are the prime factors of 60756?
2, 3, 61, 83
What are the prime factors of 1528?
2, 191
List the prime factors of 5581.
5581
What are the prime factors of 1281?
3, 7, 61
What are the prime factors of 3335?
5, 23, 29
What are the prime factors of 19920?
2, 3, 5, 83
What are the prime factors of 5652?
2, 3, 157
What are the prime factors of 6023?
19, 317
List the prime factors of 43407.
3, 7, 13, 53
What are the prime factors of 3011?
3011
List the prime factors of 22513.
47, 479
What are the prime factors of 686?
2, 7
What are the prime factors of 744?
2, 3, 31
List the prime factors of 40.
2, 5
List the prime factors of 15362.
2, 7681
What are the prime factors of 170?
2, 5, 17
What are the prime factors of 17157?
3, 7, 19, 43
List the prime factors of 24131.
59, 409
What are the prime factors of 1027?
13, 79
List the prime factors of 7358.
2, 13, 283
What are the prime factors of 5862?
2, 3, 977
List the prime factors of 5020.
2, 5, 251
List the prime factors of 11832.
2, 3, 17, 29
List the prime factors of 8229.
3, 13, 211
What are the prime factors of 4050?
2, 3, 5
List the prime factors of 10908.
2, 3, 101
What are the prime factors of 26695?
5, 19, 281
List the prime factors of 106632.
2, 3, 1481
List the prime factors of 89296.
2, 5581
What are the prime factors of 1432?
2, 179
List the prime factors of 5567.
19, 293
What are the prime factors of 892?
2, 223
List the prime factors of 18543.
3, 7, 883
List the prime factors of 976.
2, 61
What are the prime factors of 1473?
3, 491
What are the prime factors of 109?
109
List the prime factors of 467.
467
What are the prime factors of 44904?
2, 3, 1871
List the prime factors of 7557.
3, 11, 229
What are the prime factors of 69964?
2, 17491
List the prime factors of 4207.
7, 601
What are the prime factors of 170923?
59, 2897
What are the prime factors of 79912?
2, 7, 1427
What are the prime factors of 31162?
2, 15581
List the prime factors of 462.
2, 3, 7, 11
What are the prime factors of 151?
151
List the prime factors of 6017.
11, 547
What are the prime factors of 40569?
3, 13523
What are the prime factors of 55204?
2, 37, 373
List the prime factors of 69337.
69337
What are the prime factors of 735?
3, 5, 7
What are the prime factors of 201?
3, 67
What are the prime factors of 2754?
2, 3, 17
List the prime factors of 1112.
2, 139
List the prime factors of 32242.
2, 7, 47
List the prime factors of 1650.
2, 3, 5, 11
What are the prime factors of 167742?
2, 3, 9319
What are the prime factors of 158?
2, 79
List the prime factors of 823.
823
List the prime factors of 3384.
2, 3, 47
What are the prime factors of 29077?
29077
List the prime factors of 137202.
2, 3, 13, 1759
List the prime factors of 1405.
5, 281
List the prime factors of 74200.
2, 5, 7, 53
What are the prime factors of 39754?
2, 11, 13, 139
What are the prime factors of 20871?
3, 773
List the prime factors of 10336.
2, 17, 19
List the prime factors of 3599.
59, 61
List the prime factors of 3083.
3083
List the prime factors of 4542.
2, 3, 757
What are the prime factors of 42003?
3, 13, 359
List the prime factors of 4343.
43, 101
What are the prime factors of 3996?
2, 3, 37
What are the prime factors of 68662?
2, 11, 3121
List the prime factors of 28838.
2, 14419
What are the prime factors of 25932?
2, 3, 2161
What are the prime factors of 47492?
2, 31, 383
List the prime factors of 457.
457
List the prime factors of 4621.
4621
List the prime factors of 785.
5, 157
What are the prime factors of 7330?
2, 5, 733
List the prime factors of 654.
2, 3, 109
List the prime factors of 307.
307
List the prime factors of 169.
13
List the prime factors of 197.
197
What are the prime factors of 3772?
2, 23, 41
List the prime factors of 1698.
2, 3, 283
List the prime factors of 5212.
2, 1303
What are the prime factors of 7201?
19, 379
What are the prime factors of 8511?
3, 2837
What are the prime factors of 11967?
3, 3989
What are the prime factors of 1182?
2, 3, 197
What are the prime factors of 122779?
59, 2081
List the prime factors of 621.
3, 23
List the prime factors of 220.
2, 5, 11
List the prime factors of 3036.
2, 3, 11, 23
List the prime factors of 10540.
2, 5, 17, 31
List the prime factors of 49904.
2, 3119
List the prime factors of 115786.
2, 11, 19, 277
What are the prime factors of 1988?
2, 7, 71
List the prime factors of 5205.
3, 5, 347
List the prime factors of 62831.
83, 757
List the prime factors of 487.
487
List the prime factors of 38734.
2, 107, 181
List the prime factors of 34928.
2, 37, 59
List the prime factors of 22166.
2, 11083
List the prime factors of 6.
2, 3
List the prime factors of 364.
2, 7, 13
List the prime factors of 909.
3, 101
List the prime factors of 32517.
3, 3613
What are the prime factors of 5835?
3, 5, 389
List the prime factors of 3.
3
What are the prime factors of 37499?
7, 11, 487
List the prime factors of 878.
2, 439
What are the prime factors of 18080?
2, 5, 113
List the prime factors of 15367.
11, 127
What are the prime factors of 7658?
2, 7, 547
List the prime factors of 810.
2, 3, 5
List the prime factors of 31396.
2, 47, 167
List the prime factors of 1972.
2, 17, 29
List the prime factors of 43087.
11, 3917
What are the prime factors of 117535?
5, 11, 2137
List the prime factors of 13883.
13883
What are the prime factors of 1898?
2, 13, 73
List the prime factors of 45833.
45833
List the prime factors of 5378.
2, 2689
List the prime factors of 10674.
2, 3, 593
List the prime factors of 2392.
2, 13, 23
What are the prime factors of 765?
3, 5, 17
What are the prime factors of 74947?
149, 503
What are the prime factors of 28127?
11, 2557
List the prime factors of 1962.
2, 3, 109
What are the prime factors of 6004?
2, 19, 79
What are the prime factors of 70342?
2, 35171
List the prime factors of 4766.
2, 2383
What are the prime factors of 1379?
7, 197
List the prime factors of 8205.
3, 5, 547
What are the prime factors of 68530?
2, 5, 7, 11, 89
List the prime factors of 12826.
2, 11, 53
What are the prime factors of 153?
3, 17
List the prime factors of 62738.
2, 13, 19, 127
What are the prime factors of 2840?
2, 5, 71
What are the prime factors of 387?
3, 43
What are the prime factors of 4102?
2, 7, 293
What are the prime factors of 55769?
7, 31, 257
List the prime factors of 26956.
2, 23, 293
What are the prime factors of 534?
2, 3, 89
What are the prime factors of 8835?
3, 5, 19, 31
List the prime factors of 8690.
2, 5, 11, 79
List the prime factors of 757.
757
What are the prime factors of 30444?
2, 3, 43, 59
List the prime factors of 103253.
79, 1307
What are the prime factors of 237?
3, 79
List the prime factors of 1212.
2, 3, 101
What are the prime factors of 1381?
1381
What are the prime factors of 13990?
2, 5, 1399
List the prime factors of 4612.
2, 1153
List the prime factors of 3660.
2, 3, 5, 61
What are the prime factors of 5907?
3, 11, 179
What are the prime factors of 3037?
3037
List the prime factors of 722.
2, 19
What are the prime factors of 22685?
5, 13, 349
List the prime factors of 32508.
2, 3, 7, 43
What are the prime factors of 10527?
3, 11, 29
What are the prime factors of 54466?
2, 113, 241
What are the prime factors of 9712?
2, 607
What are the prime factors of 2333?
